aluate -4 + (-2 + -8 - -3 - -11).
0
What is 28 - (205 - 212 - (-2 + -1 + -8))?
24
What is 12 + -30 + 9 + -6 + 2?
-13
What is the value of 1 - (11 - -4 - 4)?
-10
Calculate (-13 - -1) + 14 + 41 + -4.
39
What is 1 + 2 - (-10 + 18) - (0 + -9)?
4
(0 - 4) + (1 - -16) + -2 + -2
9
Calculate 6 + 2 + 11 + 8 + 6 + -5.
28
7 + 22 + (-74 - -33)
-12
What is -1 + (-18 - (16 + -12)) + 11 - -9?
-3
Calculate -7 + 11 - (-2 + 3 + -7).
10
7 + -7 - 0 - (3 - (-4 + 18))
11
Evaluate -4 - (-2 + -8 - (-45 + 30)).
-9
Calculate (13 - 4) + (-41 - -35).
3
Calculate (26 - -11) + -57 - -36.
16
What is the value of -35 - -3 - -27 - (-25 - -1)?
19
Calculate 14 + (-75 - (13 - 49)).
-25
Evaluate -17 + (9 - 11 - -14) + 8 + -1.
2
What is -7 + 8 - ((-5 - -8) + (-2 - -1))?
-1
Calculate -7 + -2 - 6 - 0 - 8.
-23
Evaluate 37 - (34 + -32 + 22).
13
(-2 - -1) + -1 + 10 + 14 + -26
-4
-9 + (22 - 20) + 22 + -3 + -1
11
Evaluate (16 - -30) + -111 + 74.
9
(30 - 47) + 2 + (-5 - -3 - -3)
-14
What is -3 + 14 + -8 + 3 + -1 - 14?
-9
Evaluate -27 + 28 + 1 - 0.
2
-18 + 6 - -8 - (12 + -18)
2
What is 24 - 11 - (17 - 5)?
1
What is the value of (0 - (10 + (-12 - -12))) + 12?
2
What is the value of 2 + -12 + 2 + 4 + 6 + -4?
-2
Evaluate (0 - 5) + -10 + 17 + -7 + -7.
-12
What is the value of 17 + -9 - -4 - 19 - 6?
-13
Calculate 10 - (9 + 6 + -6 - -21).
-20
Evaluate (4 - (-1 + (-1 - -16))) + 7.
-3
What is (-5 - (0 - -13)) + (-3 - -2 - -8)?
-11
(0 - 0) + -42 + 42 - -5
5
What is the value of -46 + -3 + 399 + -376?
-26
2 - ((3 - 3 - 1 - 5) + 4)
4
Evaluate (3 - 2) + -4 + (5 + 9 - -6).
17
(11 - (-4 - (4 + -3))) + -9
7
8 - 36 - (-2 + -14 + 2 + 5)
-19
Evaluate -5 + (7 - 15 - 10 - -9).
-14
What is -8 - ((-14 - -30) + -31)?
7
Calculate -2 - 1 - ((-1 - -8) + -7 + -7).
4
2 + (11 - 20) + 10 + -5
-2
What is the value of 1 + -23 + (113 - 76)?
15
What is (-33 - 3) + (-122 - -131)?
-27
Calculate 0 - 1 - 0 - (-4 + 14).
-11
Calculate (22 + -10 - 19) + 14 - (0 - -2).
5
What is the value of (14 - 27) + 4 - -13?
4
What is the value of 30 - 27 - (2 + (-2 - -3 - 9))?
9
What is the value of (8 - -1) + (1 - 2) - (108 + -118)?
18
(-1 - 10) + 8 + 2 + -7
-8
What is the value of 24 - (19 - 18) - 31?
-8
(-8 - 8 - 6) + 7
-15
Evaluate (-9 - (0 - 1)) + (-14 - 1).
-23
Evaluate -71 + 35 + 10 + 45.
19
What is the value of 18 + -33 - -30 - 2 - -15?
28
Calculate -24 - (-23 + 16 - 18).
1
What is the value of -1 + 2 + -596 + 580?
-15
What is 7 - (-43 - -45 - (-1 + 1 + 0))?
5
Evaluate (-235 - -219) + 7 + -1.
-10
What is the value of (3 + -3 - (19 - -2 - 5)) + 3?
-13
Evaluate 29 - ((-20 - -50) + -20).
19
What is -13 + 17 + -8 + 3 - (-27 + -2)?
28
8 - (-14 + (29 - 5) - 3)
1
Evaluate 5 + (-1 - (3 + -4)) - -4.
9
What is -3 - (1 + -20) - (35 - -1)?
-20
What is the value of -12 - -3 - (-14 + 0 - -9)?
-4
Calculate (0 - -1) + -8 + -307 + 310.
-4
Evaluate (9 - 0) + 9 + (1 - (14 - 0)).
5
What is the value of (-35 - -17) + -3 - -7?
-14
(-18 + 1 - -20) + -29
-26
Calculate (2 - 11) + 17 + -16 + 2 + -11.
-17
Evaluate 3 + (6 - (-41 - -25)).
25
Evaluate -3 - (7 + (-8 - 13) + -12).
23
(18 - 58) + 39 + -18
-19
What is the value of -1 - 4 - ((11 - 14) + -26 + 6)?
18
What is the value of (-4 - -15) + (-3 - 3 - 4)?
1
Calculate (0 - -6) + (10 - (12 - (-24 - -11))).
-9
Calculate 32 - ((-1 - -3) + (6 - -7)).
17
Calculate -1 + -3 + (1 - -8).
5
What is the value of -30 - -44 - (9 + -9 + 7)?
7
What is the value of -6 + (42 + -35 - (-8 - -2))?
7
Calculate (-24 - -40) + (-16 - -30).
30
What is -14 + 31 + (-16 - 1)?
0
Calculate (0 - -1) + 360 + -370 - (16 - -1).
-26
Calculate -53 + 26 + 27 + (-3 - -11).
8
What is (15 - 15) + 5 - (8 + 2)?
-5
What is the value of -6 + 1 + (-2 - 0) + -1 + 5?
-3
What is the value of -19 + 3 + (-131 - -148)?
1
Calculate -1 - (-34 - -13 - -16).
4
What is -5 + (-2 - -15) + (83 - 72)?
19
(-52 - -38) + (0 - 2 - -1)
-15
83 + -114 + (8 - 4)
-27
What is the value of -59 - -43 - -51 - 33?
2
Calculate 13 + (30 - 30) - 35.
-22
What is 34 + -49 + 6 - 8?
-17
Evaluate 2 - 14 - (-82 + 92) - (-1 - 4).
-17
What is the value of (-29 + 16 - 19) + 32?
0
What is (9 - 1 - 7) + 8 - 6?
3
Evaluate 7 - (0 - -1 - (-37 + 35)).
4
4 + 9 + -22 + 16 - (25 - 1)
-17
3 - ((-4 - -7) + -10 + 3)
7
Calculate ((-10 - -11) + -10 - 23) + 11 + -2.
-23
What is 3 + 10 + (-16 - -2)?
-1
Evaluate (-29 - -14 - -9) + 5.
-1
(-9 - -16) + 1 + 3 + -4 + 2
9
Calculate -2 + 5 - (57 - 65).
11
-7 + 3 - (-20 - -9)
7
Calculate 7 + 2 + 5 + -12.
2
26 + -8 - (1 + 5)
12
Evaluate 43 - (-36 - (-15 - 32)).
32
Calculate 33 + -40 - 37 - -5.
-39
What is the value of (-1 - 8) + (-8 - (17 + -16))?
-18
-10 - (-16 + -1 + -13)
20
What is 45 - 60 - (-16 - -1)?
0
What is -11 - (-8 - 2 - ((-9 - -16) + 18))?
24
(-24 - -31) + -2 + 2 + -24
-17
What is -5 - (-16 - -15 - (2 - (-1 - -5)))?
-6
-2 + (-1 + (1 - 6) + 8 - -4)
4
What is the value of (-14 - -20) + -1 - (-8 - 2)?
15
28 + -5 + -7 + -41 - (7 + -1)
-31
7 + (-3 - (-4 + 5)) + (4 - -1)
8
Evaluate (1 - -2) + -27 + 28 + -25 + 38.
17
0 + (-28 - -27 - -29)
28
Calculate (-2 - -23 - 23) + 31 + (-1 - -6).
34
-61 - (-109 - -64) - (0 + -2 + 7)
-21
Calculate -35 + (-23 - (-3 + -25)).
-30
What is (-1 + 10 - 2 - 11) + -2 + -5?
-11
What is 15 + (44 - 47 - (7 + 2))?
3
What is 26 - -2 - (-13 - -8 - (-4 + -8))?
21
Evaluate -1 + (1 - 8 - (-4 + -11)).
7
What is the value of -7 + (0 - 7) - -44?
30
Evaluate -37 + 30 - -14 - (3 - (-3 + 8)).
9
-23 + 3 + (-12 - -54)
22
Evaluate -1 - (-7 - (-1 + -17)).
-12
Evaluate (-17 + 7 + -13 - -11) + 24.
12
(17 - (-4 + 7) - 3) + 16
27
-6 - 4 - 1 - (11 + -4 - 9)
-9
Evaluate (-7 - 6) + -1 + 10 + -2 + 0.
-6
Calculate 25 + (-1 + 4 + -4 - -1).
25
9 - ((121 - 132) + 1 + 10)
9
What is 19 - ((7 - 1) + 5)?
8
What is the value of (1 - (3 - 5 - (-10 - -2))) + -13?
-18
What is 3 + (-15 - -3) - -11?
2
-28 - (-27 + (10 - -4))
-15
What is the value of 0 - 5 - (-33 - (-36 + -7))?
-15
-29 - (11 + -22 + 19 + -10)
-27
Evaluate (-4 + 2 + -5 - -3) + (15 - 9).
2
What is the value of 6 - (12 + -19 + -1)?
14
3 - ((1 - -2) + (-10 - -3)) - -3
10
-1 + 3 - (29 + -40) - 7 - 5
1
What is (-264 - -258) + (24 - 3)?
15
What is (7 - 1) + 36 + -50 + -18 - 4?
-30
Calculate 12 - (-47 + 41 + -19).
37
What is (15 - -7 - 13) + (2 + -8 - -2)?
5
What is 2 - 4 - -24 - ((76 - 32) + -34)?
12
Evaluate -2 - (3 + 1) - (-10 + -22).
26
Evaluate -2 + (-3 + -6 - -3) - (223 - 231).
0
Calculate ((12 - 8) + -9 - -7) + -8 + -2.
-8
2 + 3 + 3 + 1 + 0 + 3
12
What is the value of -55 + 46 + -29 - (-1 + 1 - 1)?
-37
What is -11 + (5 - (-6 - (-3 + -1))) - 1?
-5
Evaluate 31 + -30 + (18 - -4) + 1 + -7.
17
Calculate -10 - -17 - (25 - 9).
-9
(-45 - (-1 - 17)) + 14
-13
Calculate 8 + (-3 - (21 + -14)).
-2
Evaluate 7 + (-8 - -2) + -3 + (-1 - 1).
-4
Evaluate 2 + (3 - 1) - (503 + -506).
7
What is the value of (-7 + 8 + 3 - 4) + (-1 - 5)?
-6
What is -168 + 144 + 2 + 28?
6
Calculate -6 - ((-56 - -34) + 3 + 3).
10
What is (-4 - (-2 - (-5 + 23))) + -5?
11
What is the value of 1 - 1 - (-31 - (-3 + -18))?
10
What is -6 + 14 - (16 + 5 + 0 + -1)?
-12
Evaluate -10 - (-11 - -11) - -8.
-2
Evaluate (0 - 10) + 14 + 7 - 5.
6
Evaluate 2 + -1 + 3 - (-171 - -163).
12
-11 - (-6 + -1 - (4 + -4 + -1))
-5
Calculate (266 - 252) + -1 + -31 + -2.
-20
40 + -63 + 41 - (2 - -13)
3
Evaluate -35 + -19 + (-17 + 0 - -47).
-24
Calculate 21 - ((28 - 5) + -15).
13
Evaluate -1 + -12 + (256 - 241).
2
What is the value of (-6 - (-8 - -23)) + -8 + 7?
-22
(0 + -13 - (-2 + -5)) + -1 + 0
-7
What is the value of -17 - (5 - (2 + 1 - -4))?
-15
((-7 - -12) + -8 - -10) + -11
-4
What is 20 + -14 + (-1 + -6 - 35)?
-36
Calculate -10 - (-14 - -25) - (3 + -18).
-6
Calculate (-5 - -2) + 0 + 1 + -4 + 9.
3
What is 1 - (31 - (1 + 11))?
-18
What is the value of -15 + 18 + -14 + 2?
-9
Evaluate (-98 - -80) + 5 + 2 + 4.
-7
Evaluate 12 - 8 - -5 - 14.
-5
8 - ((-7 - 4 - -11) + -13)
21
What is the value of (-25 - (21 + -28)) + 27?
9
Calculate -2 - (16 + -19 + 10).
-9
-3 - -6 - (-3 - (-7 + 0)) - -1
0
-51 + 37 + (-19 - -4)
-29
Evaluate (3 + 4 - -1) + -10 + 3.
1
Evaluate -5 - (10 + -6 + -15 - -2) - -1.
5
What is the value of 6 - (-5 + 7 + (-1 - -5) - 5)?
5
Calculate (-35 - -16) + 16 - (-32 + 3 + 3).
23
What is the value of 23 + 1 + (296 - 301)?
19
Evaluate (-1 - 1) + 10 + -5 + 0 - 16.
-13
What is the value of (-14 - (-8 - 4)) + -10 + -7?
-19
Calculate (1 - 6) + ((3 - -6) + -4 - 2).
-2
What is (-26 